{"id":45,"date":"2015-04-27T02:55:40","date_gmt":"2015-04-27T01:55:40","guid":{"rendered":"http:\/\/www.payne.cz\/WP15\/?page_id=45"},"modified":"2019-11-21T22:33:28","modified_gmt":"2019-11-21T21:33:28","slug":"kontakt","status":"publish","type":"page","link":"https:\/\/www.payne.cz\/WP15\/kontakt\/","title":{"rendered":"Kontakt"},"content":{"rendered":"<div id=\"content\" class=\"default\">\n<div id=\"right-title\">\n<h1 class=\"name\"><span style=\"color: #027058;\">Ji\u0159\u00ed Payne<\/span><\/h1>\n<\/div>\n<div id=\"left-column\">\n<p class=\"picture\"><img decoding=\"async\" src=\"https:\/\/jiripayne.mojeid.cz\/image\" alt=\"\u265f\" \/><\/p>\n<\/div>\n<div id=\"right-column\">\n<ul class=\"address-set\">\n<li>E-mail: <a href=\"mailto:jiri@payne.cz\">jiri@payne.cz<\/a><\/li>\n<li>Telefon:\u00a0+ 420\u00a0222523333<\/li>\n<li class=\"address\">Skype:\u00a0<span style=\"color: #07ad87;\">payp07<\/span><\/li>\n<li class=\"address\">Soukrom\u00e1 webov\u00e1 adresa:\u00a0<a href=\"http:\/\/www.payne.cz\/\">http:\/\/www.payne.cz\/<\/a><\/li>\n<li class=\"address\">Blog:\u00a0<a href=\"https:\/\/payne.blog.idnes.cz\/\">https:\/\/payne.blog.idnes.cz\/<\/a><\/li>\n<li class=\"address\">Blog:\u00a0<a href=\"http:\/\/jiripayne.blogspot.cz\/\">http:\/\/jiripayne.blogspot.cz\/<\/a><\/li>\n<li class=\"address\">Blog:\u00a0<a href=\"https:\/\/payne.blog.idnes.cz\/\">https:\/\/payne.blog.idnes.cz\/<\/a><\/li>\n<li class=\"address\">Facebook soukrom\u00fd:\u00a0<a href=\"https:\/\/www.facebook.com\/jiri.payne\">https:\/\/www.facebook.com\/jiri.payne<\/a><\/li>\n<li class=\"address\">Facebook politick\u00fd:\u00a0<a href=\"https:\/\/www.facebook.com\/PayneJirka\/\">https:\/\/www.facebook.com\/PayneJirka\/<\/a><\/li>\n<li class=\"address\">Twitter:\u00a0<a href=\"https:\/\/twitter.com\/JTP07\">https:\/\/twitter.com\/JTP07<\/a><\/li>\n<li class=\"address\">Linked In:\u00a0<a href=\"https:\/\/www.linkedin.com\/profile\/view?id=100868097&amp;trk=nav_responsive_tab_profile\">https:\/\/www.linkedin.com\/profile\/view?id=100868097&amp;trk=nav_responsive_tab_profile<\/a><\/li>\n<li class=\"address\">G+: <a href=\"http:\/\/plus.google.com\/+JiriPayneT\">plus.google.com\/+JiriPayneT<\/a><\/li>\n<\/ul>\n<p style=\"text-align: center;\">\n<\/div>\n<div class=\"cleaner\" style=\"text-align: center;\"><a href=\"http:\/\/www.payne.cz\/WP15\/wp-content\/uploads\/frame-1.png\"><img loading=\"lazy\" decoding=\"async\" class=\"aligncenter size-full wp-image-1871\" src=\"http:\/\/www.payne.cz\/WP15\/wp-content\/uploads\/frame-1.png\" alt=\"frame\" width=\"300\" height=\"300\" srcset=\"https:\/\/www.payne.cz\/WP15\/wp-content\/uploads\/frame-1.png 300w, https:\/\/www.payne.cz\/WP15\/wp-content\/uploads\/frame-1-150x150.png 150w\" sizes=\"auto, (max-width: 300px) 100vw, 300px\" \/><\/a><\/div>\n<\/div>\n<div><\/div>\n<div><\/div>\n<div><\/div>\n<div style=\"text-align: center;\"><strong>&#8222;Svoboda znamen\u00e1 m\u00edt pr\u00e1vo rozhodnout se t\u0159eba i \u0161patn\u011b.&#8220;<\/strong><\/div>\n<div><\/div>\n<div><\/div>\n<div><\/div>\n<div><\/div>\n<div><\/div>\n<div><\/div>\n<div><\/div>\n<div>Moje Id:\u00a0<a href=\"https:\/\/jiripayne.mojeid.cz\">https:\/\/jiripayne.mojeid.cz<\/a>\/<\/div>\n","protected":false},"excerpt":{"rendered":"<p>Ji\u0159\u00ed Payne E-mail: jiri@payne.cz Telefon:\u00a0+ 420\u00a0222523333 Skype:\u00a0payp07 Soukrom\u00e1 webov\u00e1 adresa:\u00a0http:\/\/www.payne.cz\/ Blog:\u00a0https:\/\/payne.blog.idnes.cz\/ Blog:\u00a0http:\/\/jiripayne.blogspot.cz\/ Blog:\u00a0https:\/\/payne.blog.idnes.cz\/ Facebook soukrom\u00fd:\u00a0https:\/\/www.facebook.com\/jiri.payne Facebook politick\u00fd:\u00a0https:\/\/www.facebook.com\/PayneJirka\/ Twitter:\u00a0https:\/\/twitter.com\/JTP07 Linked In:\u00a0https:\/\/www.linkedin.com\/profile\/view?id=100868097&amp;trk=nav_responsive_tab_profile G+: plus.google.com\/+JiriPayneT &#8222;Svoboda znamen\u00e1 m\u00edt pr\u00e1vo rozhodnout se t\u0159eba i&#8230; <a class=\"read-more-button\" href=\"https:\/\/www.payne.cz\/WP15\/kontakt\/\">\u010c\u00edst v\u00edce &gt;<\/a><\/p>\n","protected":false},"author":1,"featured_media":0,"parent":0,"menu_order":0,"comment_status":"closed","ping_status":"closed","template":"","meta":{"ngg_post_thumbnail":0,"_monsterinsights_skip_tracking":false,"_monsterinsights_sitenote_active":false,"_monsterinsights_sitenote_note":"","_monsterinsights_sitenote_category":0,"footnotes":""},"class_list":["post-45","page","type-page","status-publish","hentry"],"_links":{"self":[{"href":"https:\/\/www.payne.cz\/WP15\/wp-json\/wp\/v2\/pages\/45","targetHints":{"allow":["GET"]}}],"collection":[{"href":"https:\/\/www.payne.cz\/WP15\/wp-json\/wp\/v2\/pages"}],"about":[{"href":"https:\/\/www.payne.cz\/WP15\/wp-json\/wp\/v2\/types\/page"}],"author":[{"embeddable":true,"href":"https:\/\/www.payne.cz\/WP15\/wp-json\/wp\/v2\/users\/1"}],"replies":[{"embeddable":true,"href":"https:\/\/www.payne.cz\/WP15\/wp-json\/wp\/v2\/comments?post=45"}],"version-history":[{"count":27,"href":"https:\/\/www.payne.cz\/WP15\/wp-json\/wp\/v2\/pages\/45\/revisions"}],"predecessor-version":[{"id":1872,"href":"https:\/\/www.payne.cz\/WP15\/wp-json\/wp\/v2\/pages\/45\/revisions\/1872"}],"wp:attachment":[{"href":"https:\/\/www.payne.cz\/WP15\/wp-json\/wp\/v2\/media?parent=45"}],"curies":[{"name":"wp","href":"https:\/\/api.w.org\/{rel}","templated":true}]}}