{"id":38,"date":"2015-04-27T02:50:13","date_gmt":"2015-04-27T01:50:13","guid":{"rendered":"http:\/\/www.payne.cz\/WP15\/?page_id=38"},"modified":"2022-05-17T17:00:07","modified_gmt":"2022-05-17T16:00:07","slug":"fotky","status":"publish","type":"page","link":"https:\/\/www.payne.cz\/WP15\/fotky\/","title":{"rendered":"Fotografie"},"content":{"rendered":"<h4 style=\"text-align: center;\">&nbsp;Fotografie k pou\u017eit\u00ed<\/h4>\n<p>&nbsp;<\/p>\n<p style=\"text-align: center;\">\u201cEvropsk\u00e1 unie pot\u0159ebuje alternativu. Kde nen\u00ed alternativa, tam se ztr\u00e1c\u00ed svoboda.\u201d<\/p>\n<p>&nbsp;<\/p>\n<p><!-- index.php -->\n<div\n\tclass=\"ngg-galleryoverview ngg-ajax-pagination-none\"\n\tid=\"ngg-gallery-874-1\">\n\n    \t<div class=\"slideshowlink\">\n        <a href='https:\/\/www.payne.cz\/WP15\/fotky\/nggallery\/slideshow'>[Uk\u00e1zat prezentaci]<\/a>\n\t\t\n\t<\/div>\n\t\t\t<!-- Thumbnails -->\n\t\t\t\t<div id=\"ngg-image-0\" class=\"ngg-gallery-thumbnail-box\" >\n\t\t\t\t        <div class=\"ngg-gallery-thumbnail\">\n            <a href=\"https:\/\/www.payne.cz\/WP15\/wp-content\/gallery\/podobenka\/B.jpg\"\n               title=\"\"\n               data-src=\"https:\/\/www.payne.cz\/WP15\/wp-content\/gallery\/podobenka\/B.jpg\"\n               data-thumbnail=\"https:\/\/www.payne.cz\/WP15\/wp-content\/gallery\/podobenka\/thumbs\/thumbs_B.jpg\"\n               data-image-id=\"1\"\n               data-title=\"B\"\n               data-description=\"\"\n               data-image-slug=\"b\"\n               class=\"ngg-fancybox\" rel=\"874\">\n                <img\n                    title=\"B\"\n                    alt=\"B\"\n                    src=\"https:\/\/www.payne.cz\/WP15\/wp-content\/gallery\/podobenka\/thumbs\/thumbs_B.jpg\"\n                    width=\"240\"\n                    height=\"160\"\n                    style=\"max-width:100%;\"\n                \/>\n            <\/a>\n        <\/div>\n\t\t\t\t\t\t\t<\/div> \n\t\t\t\n        \n\t\t\t\t<div id=\"ngg-image-1\" class=\"ngg-gallery-thumbnail-box\" >\n\t\t\t\t        <div class=\"ngg-gallery-thumbnail\">\n            <a href=\"https:\/\/www.payne.cz\/WP15\/wp-content\/gallery\/podobenka\/Cxqq2.jpg\"\n               title=\"\"\n               data-src=\"https:\/\/www.payne.cz\/WP15\/wp-content\/gallery\/podobenka\/Cxqq2.jpg\"\n               data-thumbnail=\"https:\/\/www.payne.cz\/WP15\/wp-content\/gallery\/podobenka\/thumbs\/thumbs_Cxqq2.jpg\"\n               data-image-id=\"2\"\n               data-title=\"Cxqq2\"\n               data-description=\"\"\n               data-image-slug=\"cxqq2\"\n               class=\"ngg-fancybox\" rel=\"874\">\n                <img\n                    title=\"Cxqq2\"\n                    alt=\"Cxqq2\"\n                    src=\"https:\/\/www.payne.cz\/WP15\/wp-content\/gallery\/podobenka\/thumbs\/thumbs_Cxqq2.jpg\"\n                    width=\"240\"\n                    height=\"160\"\n                    style=\"max-width:100%;\"\n                \/>\n            <\/a>\n        <\/div>\n\t\t\t\t\t\t\t<\/div> \n\t\t\t\n        \n\t\t\t\t<div id=\"ngg-image-2\" class=\"ngg-gallery-thumbnail-box\" >\n\t\t\t\t        <div class=\"ngg-gallery-thumbnail\">\n            <a href=\"https:\/\/www.payne.cz\/WP15\/wp-content\/gallery\/podobenka\/ZZ5T4633a-2.JPG\"\n               title=\"\"\n               data-src=\"https:\/\/www.payne.cz\/WP15\/wp-content\/gallery\/podobenka\/ZZ5T4633a-2.JPG\"\n               data-thumbnail=\"https:\/\/www.payne.cz\/WP15\/wp-content\/gallery\/podobenka\/thumbs\/thumbs_ZZ5T4633a-2.JPG\"\n               data-image-id=\"3\"\n               data-title=\"ZZ5T4633a (2)\"\n               data-description=\"\"\n               data-image-slug=\"zz5t4633a-2\"\n               class=\"ngg-fancybox\" rel=\"874\">\n                <img\n                    title=\"ZZ5T4633a (2)\"\n                    alt=\"ZZ5T4633a (2)\"\n                    src=\"https:\/\/www.payne.cz\/WP15\/wp-content\/gallery\/podobenka\/thumbs\/thumbs_ZZ5T4633a-2.JPG\"\n                    width=\"240\"\n                    height=\"160\"\n                    style=\"max-width:100%;\"\n                \/>\n            <\/a>\n        <\/div>\n\t\t\t\t\t\t\t<\/div> \n\t\t\t\n        \n\t\t\t\t<div id=\"ngg-image-3\" class=\"ngg-gallery-thumbnail-box\" >\n\t\t\t\t        <div class=\"ngg-gallery-thumbnail\">\n            <a href=\"https:\/\/www.payne.cz\/WP15\/wp-content\/gallery\/podobenka\/BRM45b1ff_payne.jpg\"\n               title=\"\"\n               data-src=\"https:\/\/www.payne.cz\/WP15\/wp-content\/gallery\/podobenka\/BRM45b1ff_payne.jpg\"\n               data-thumbnail=\"https:\/\/www.payne.cz\/WP15\/wp-content\/gallery\/podobenka\/thumbs\/thumbs_BRM45b1ff_payne.jpg\"\n               data-image-id=\"5\"\n               data-title=\"BRM45b1ff_payne\"\n               data-description=\"\"\n               data-image-slug=\"brm45b1ff_payne\"\n               class=\"ngg-fancybox\" rel=\"874\">\n                <img\n                    title=\"BRM45b1ff_payne\"\n                    alt=\"BRM45b1ff_payne\"\n                    src=\"https:\/\/www.payne.cz\/WP15\/wp-content\/gallery\/podobenka\/thumbs\/thumbs_BRM45b1ff_payne.jpg\"\n                    width=\"240\"\n                    height=\"160\"\n                    style=\"max-width:100%;\"\n                \/>\n            <\/a>\n        <\/div>\n\t\t\t\t\t\t\t<\/div> \n\t\t\t\n        \n\t\t\t\t<div id=\"ngg-image-4\" class=\"ngg-gallery-thumbnail-box\" >\n\t\t\t\t        <div class=\"ngg-gallery-thumbnail\">\n            <a href=\"https:\/\/www.payne.cz\/WP15\/wp-content\/gallery\/podobenka\/72b.jpg\"\n               title=\"\"\n               data-src=\"https:\/\/www.payne.cz\/WP15\/wp-content\/gallery\/podobenka\/72b.jpg\"\n               data-thumbnail=\"https:\/\/www.payne.cz\/WP15\/wp-content\/gallery\/podobenka\/thumbs\/thumbs_72b.jpg\"\n               data-image-id=\"6\"\n               data-title=\"72b\"\n               data-description=\"\"\n               data-image-slug=\"72b\"\n               class=\"ngg-fancybox\" rel=\"874\">\n                <img\n                    title=\"72b\"\n                    alt=\"72b\"\n                    src=\"https:\/\/www.payne.cz\/WP15\/wp-content\/gallery\/podobenka\/thumbs\/thumbs_72b.jpg\"\n                    width=\"240\"\n                    height=\"160\"\n                    style=\"max-width:100%;\"\n                \/>\n            <\/a>\n        <\/div>\n\t\t\t\t\t\t\t<\/div> \n\t\t\t\n        \n\t\t\t\t<div id=\"ngg-image-5\" class=\"ngg-gallery-thumbnail-box\" >\n\t\t\t\t        <div class=\"ngg-gallery-thumbnail\">\n            <a href=\"https:\/\/www.payne.cz\/WP15\/wp-content\/gallery\/podobenka\/Aa.png\"\n               title=\"\"\n               data-src=\"https:\/\/www.payne.cz\/WP15\/wp-content\/gallery\/podobenka\/Aa.png\"\n               data-thumbnail=\"https:\/\/www.payne.cz\/WP15\/wp-content\/gallery\/podobenka\/thumbs\/thumbs_Aa.png\"\n               data-image-id=\"7\"\n               data-title=\"Aa\"\n               data-description=\"\"\n               data-image-slug=\"aa\"\n               class=\"ngg-fancybox\" rel=\"874\">\n                <img\n                    title=\"Aa\"\n                    alt=\"Aa\"\n                    src=\"https:\/\/www.payne.cz\/WP15\/wp-content\/gallery\/podobenka\/thumbs\/thumbs_Aa.png\"\n                    width=\"240\"\n                    height=\"160\"\n                    style=\"max-width:100%;\"\n                \/>\n            <\/a>\n        <\/div>\n\t\t\t\t\t\t\t<\/div> \n\t\t\t\n        \n\t\t\t\t<div id=\"ngg-image-6\" class=\"ngg-gallery-thumbnail-box\" >\n\t\t\t\t        <div class=\"ngg-gallery-thumbnail\">\n            <a href=\"https:\/\/www.payne.cz\/WP15\/wp-content\/gallery\/podobenka\/ZZ5T4633a-2-1.JPG\"\n               title=\"\"\n               data-src=\"https:\/\/www.payne.cz\/WP15\/wp-content\/gallery\/podobenka\/ZZ5T4633a-2-1.JPG\"\n               data-thumbnail=\"https:\/\/www.payne.cz\/WP15\/wp-content\/gallery\/podobenka\/thumbs\/thumbs_ZZ5T4633a-2-1.JPG\"\n               data-image-id=\"8\"\n               data-title=\"ZZ5T4633a (2)\"\n               data-description=\"\"\n               data-image-slug=\"zz5t4633a-2-1\"\n               class=\"ngg-fancybox\" rel=\"874\">\n                <img\n                    title=\"ZZ5T4633a (2)\"\n                    alt=\"ZZ5T4633a (2)\"\n                    src=\"https:\/\/www.payne.cz\/WP15\/wp-content\/gallery\/podobenka\/thumbs\/thumbs_ZZ5T4633a-2-1.JPG\"\n                    width=\"240\"\n                    height=\"160\"\n                    style=\"max-width:100%;\"\n                \/>\n            <\/a>\n        <\/div>\n\t\t\t\t\t\t\t<\/div> \n\t\t\t\n        \n\t\t\t\t<div id=\"ngg-image-7\" class=\"ngg-gallery-thumbnail-box\" >\n\t\t\t\t        <div class=\"ngg-gallery-thumbnail\">\n            <a href=\"https:\/\/www.payne.cz\/WP15\/wp-content\/gallery\/podobenka\/ZZ5T4639b-1.JPG\"\n               title=\"\"\n               data-src=\"https:\/\/www.payne.cz\/WP15\/wp-content\/gallery\/podobenka\/ZZ5T4639b-1.JPG\"\n               data-thumbnail=\"https:\/\/www.payne.cz\/WP15\/wp-content\/gallery\/podobenka\/thumbs\/thumbs_ZZ5T4639b-1.JPG\"\n               data-image-id=\"9\"\n               data-title=\"ZZ5T4639b\"\n               data-description=\"\"\n               data-image-slug=\"zz5t4639b-1\"\n               class=\"ngg-fancybox\" rel=\"874\">\n                <img\n                    title=\"ZZ5T4639b\"\n                    alt=\"ZZ5T4639b\"\n                    src=\"https:\/\/www.payne.cz\/WP15\/wp-content\/gallery\/podobenka\/thumbs\/thumbs_ZZ5T4639b-1.JPG\"\n                    width=\"240\"\n                    height=\"160\"\n                    style=\"max-width:100%;\"\n                \/>\n            <\/a>\n        <\/div>\n\t\t\t\t\t\t\t<\/div> \n\t\t\t\n        \n\t\t\t\t<div id=\"ngg-image-8\" class=\"ngg-gallery-thumbnail-box\" >\n\t\t\t\t        <div class=\"ngg-gallery-thumbnail\">\n            <a href=\"https:\/\/www.payne.cz\/WP15\/wp-content\/gallery\/podobenka\/ZZ5T6465mix2.jpg\"\n               title=\"\"\n               data-src=\"https:\/\/www.payne.cz\/WP15\/wp-content\/gallery\/podobenka\/ZZ5T6465mix2.jpg\"\n               data-thumbnail=\"https:\/\/www.payne.cz\/WP15\/wp-content\/gallery\/podobenka\/thumbs\/thumbs_ZZ5T6465mix2.jpg\"\n               data-image-id=\"10\"\n               data-title=\"ZZ5T6465mix2\"\n               data-description=\"\"\n               data-image-slug=\"zz5t6465mix2\"\n               class=\"ngg-fancybox\" rel=\"874\">\n                <img\n                    title=\"ZZ5T6465mix2\"\n                    alt=\"ZZ5T6465mix2\"\n                    src=\"https:\/\/www.payne.cz\/WP15\/wp-content\/gallery\/podobenka\/thumbs\/thumbs_ZZ5T6465mix2.jpg\"\n                    width=\"240\"\n                    height=\"160\"\n                    style=\"max-width:100%;\"\n                \/>\n            <\/a>\n        <\/div>\n\t\t\t\t\t\t\t<\/div> \n\t\t\t\n        \n\t\t\t\t<div id=\"ngg-image-9\" class=\"ngg-gallery-thumbnail-box\" >\n\t\t\t\t        <div class=\"ngg-gallery-thumbnail\">\n            <a href=\"https:\/\/www.payne.cz\/WP15\/wp-content\/gallery\/podobenka\/IMG_20220404_0001Rsmall.jpg\"\n               title=\"\"\n               data-src=\"https:\/\/www.payne.cz\/WP15\/wp-content\/gallery\/podobenka\/IMG_20220404_0001Rsmall.jpg\"\n               data-thumbnail=\"https:\/\/www.payne.cz\/WP15\/wp-content\/gallery\/podobenka\/thumbs\/thumbs_IMG_20220404_0001Rsmall.jpg\"\n               data-image-id=\"29\"\n               data-title=\"IMG_20220404_0001Rsmall\"\n               data-description=\"\"\n               data-image-slug=\"img_20220404_0001rsmall\"\n               class=\"ngg-fancybox\" rel=\"874\">\n                <img\n                    title=\"IMG_20220404_0001Rsmall\"\n                    alt=\"IMG_20220404_0001Rsmall\"\n                    src=\"https:\/\/www.payne.cz\/WP15\/wp-content\/gallery\/podobenka\/thumbs\/thumbs_IMG_20220404_0001Rsmall.jpg\"\n                    width=\"240\"\n                    height=\"160\"\n                    style=\"max-width:100%;\"\n                \/>\n            <\/a>\n        <\/div>\n\t\t\t\t\t\t\t<\/div> \n\t\t\t\n        \n\t\t\t\t<div id=\"ngg-image-10\" class=\"ngg-gallery-thumbnail-box\" >\n\t\t\t\t        <div class=\"ngg-gallery-thumbnail\">\n            <a href=\"https:\/\/www.payne.cz\/WP15\/wp-content\/gallery\/podobenka\/30112017-PAYNE_Jiri_CZ-8q.jpg\"\n               title=\"x-default\"\n               data-src=\"https:\/\/www.payne.cz\/WP15\/wp-content\/gallery\/podobenka\/30112017-PAYNE_Jiri_CZ-8q.jpg\"\n               data-thumbnail=\"https:\/\/www.payne.cz\/WP15\/wp-content\/gallery\/podobenka\/thumbs\/thumbs_30112017-PAYNE_Jiri_CZ-8q.jpg\"\n               data-image-id=\"30\"\n               data-title=\"Jiri PAYNE - 8th Parliamentary Term\"\n               data-description=\"x-default\"\n               data-image-slug=\"30112017-payne_jiri_cz-8q\"\n               class=\"ngg-fancybox\" rel=\"874\">\n                <img\n                    title=\"Jiri PAYNE - 8th Parliamentary Term\"\n                    alt=\"Jiri PAYNE - 8th Parliamentary Term\"\n                    src=\"https:\/\/www.payne.cz\/WP15\/wp-content\/gallery\/podobenka\/thumbs\/thumbs_30112017-PAYNE_Jiri_CZ-8q.jpg\"\n                    width=\"240\"\n                    height=\"160\"\n                    style=\"max-width:100%;\"\n                \/>\n            <\/a>\n        <\/div>\n\t\t\t\t\t\t\t<\/div> \n\t\t\t\n        \n\t\t\t\t<div id=\"ngg-image-11\" class=\"ngg-gallery-thumbnail-box\" >\n\t\t\t\t        <div class=\"ngg-gallery-thumbnail\">\n            <a href=\"https:\/\/www.payne.cz\/WP15\/wp-content\/gallery\/podobenka\/72.jpg\"\n               title=\"\"\n               data-src=\"https:\/\/www.payne.cz\/WP15\/wp-content\/gallery\/podobenka\/72.jpg\"\n               data-thumbnail=\"https:\/\/www.payne.cz\/WP15\/wp-content\/gallery\/podobenka\/thumbs\/thumbs_72.jpg\"\n               data-image-id=\"31\"\n               data-title=\"72\"\n               data-description=\"\"\n               data-image-slug=\"72\"\n               class=\"ngg-fancybox\" rel=\"874\">\n                <img\n                    title=\"72\"\n                    alt=\"72\"\n                    src=\"https:\/\/www.payne.cz\/WP15\/wp-content\/gallery\/podobenka\/thumbs\/thumbs_72.jpg\"\n                    width=\"240\"\n                    height=\"160\"\n                    style=\"max-width:100%;\"\n                \/>\n            <\/a>\n        <\/div>\n\t\t\t\t\t\t\t<\/div> \n\t\t\t\n        \n\t\t\n\t\t<!-- Pagination -->\n\t<div class='ngg-clear'><\/div>\t<\/div>\n<\/p>\n\n\n<figure class=\"wp-block-image size-large\"><img loading=\"lazy\" decoding=\"async\" width=\"1024\" height=\"710\" src=\"https:\/\/www.payne.cz\/WP15\/wp-content\/uploads\/IMG_4684Q-1-1024x710.jpg\" alt=\"\" class=\"wp-image-2467\" srcset=\"https:\/\/www.payne.cz\/WP15\/wp-content\/uploads\/IMG_4684Q-1-1024x710.jpg 1024w, https:\/\/www.payne.cz\/WP15\/wp-content\/uploads\/IMG_4684Q-1-300x208.jpg 300w, https:\/\/www.payne.cz\/WP15\/wp-content\/uploads\/IMG_4684Q-1-768x533.jpg 768w, https:\/\/www.payne.cz\/WP15\/wp-content\/uploads\/IMG_4684Q-1-980x680.jpg 980w, https:\/\/www.payne.cz\/WP15\/wp-content\/uploads\/IMG_4684Q-1.jpg 1488w\" sizes=\"auto, (max-width: 1024px) 100vw, 1024px\" \/><\/figure>\n\n\n\n\n\n<figure class=\"wp-block-image size-large\"><img loading=\"lazy\" decoding=\"async\" width=\"729\" height=\"1024\" src=\"https:\/\/www.payne.cz\/WP15\/wp-content\/uploads\/IMG_4769Q-729x1024.jpg\" alt=\"\" class=\"wp-image-2466\" srcset=\"https:\/\/www.payne.cz\/WP15\/wp-content\/uploads\/IMG_4769Q-729x1024.jpg 729w, https:\/\/www.payne.cz\/WP15\/wp-content\/uploads\/IMG_4769Q-214x300.jpg 214w, https:\/\/www.payne.cz\/WP15\/wp-content\/uploads\/IMG_4769Q-768x1079.jpg 768w, https:\/\/www.payne.cz\/WP15\/wp-content\/uploads\/IMG_4769Q-1094x1536.jpg 1094w, https:\/\/www.payne.cz\/WP15\/wp-content\/uploads\/IMG_4769Q-1458x2048.jpg 1458w, https:\/\/www.payne.cz\/WP15\/wp-content\/uploads\/IMG_4769Q-980x1376.jpg 980w, https:\/\/www.payne.cz\/WP15\/wp-content\/uploads\/IMG_4769Q.jpg 1489w\" sizes=\"auto, (max-width: 729px) 100vw, 729px\" \/><\/figure>\n\n\n","protected":false},"excerpt":{"rendered":"<p>&nbsp;Fotografie k pou\u017eit\u00ed &nbsp; \u201cEvropsk\u00e1 unie pot\u0159ebuje alternativu. Kde nen\u00ed alternativa, tam se ztr\u00e1c\u00ed svoboda.\u201d &nbsp; [Uk\u00e1zat prezentaci]<\/p>\n","protected":false},"author":1,"featured_media":0,"parent":0,"menu_order":0,"comment_status":"closed","ping_status":"closed","template":"template-full-width.php","meta":{"ngg_post_thumbnail":0,"_monsterinsights_skip_tracking":false,"_monsterinsights_sitenote_active":false,"_monsterinsights_sitenote_note":"","_monsterinsights_sitenote_category":0,"footnotes":""},"class_list":["post-38","page","type-page","status-publish","hentry"],"_links":{"self":[{"href":"https:\/\/www.payne.cz\/WP15\/wp-json\/wp\/v2\/pages\/38","targetHints":{"allow":["GET"]}}],"collection":[{"href":"https:\/\/www.payne.cz\/WP15\/wp-json\/wp\/v2\/pages"}],"about":[{"href":"https:\/\/www.payne.cz\/WP15\/wp-json\/wp\/v2\/types\/page"}],"author":[{"embeddable":true,"href":"https:\/\/www.payne.cz\/WP15\/wp-json\/wp\/v2\/users\/1"}],"replies":[{"embeddable":true,"href":"https:\/\/www.payne.cz\/WP15\/wp-json\/wp\/v2\/comments?post=38"}],"version-history":[{"count":16,"href":"https:\/\/www.payne.cz\/WP15\/wp-json\/wp\/v2\/pages\/38\/revisions"}],"predecessor-version":[{"id":2468,"href":"https:\/\/www.payne.cz\/WP15\/wp-json\/wp\/v2\/pages\/38\/revisions\/2468"}],"wp:attachment":[{"href":"https:\/\/www.payne.cz\/WP15\/wp-json\/wp\/v2\/media?parent=38"}],"curies":[{"name":"wp","href":"https:\/\/api.w.org\/{rel}","templated":true}]}}